{"id":4562,"date":"2024-06-10T15:20:01","date_gmt":"2024-06-10T18:20:01","guid":{"rendered":"https:\/\/fatuweb.uncoma.edu.ar\/fatu\/?page_id=4562"},"modified":"2025-12-01T15:51:53","modified_gmt":"2025-12-01T18:51:53","slug":"jornadas-de-investigacion-y-extension","status":"publish","type":"page","link":"https:\/\/fatuweb.uncoma.edu.ar\/index.php\/jornadas-de-investigacion-y-extension\/","title":{"rendered":"Jornadas de Investigaci\u00f3n y Extensi\u00f3n"},"content":{"rendered":"\t\t<div data-elementor-type=\"wp-page\" data-elementor-id=\"4562\" class=\"elementor elementor-4562\" data-elementor-post-type=\"page\">\n\t\t\t\t<div class=\"elementor-element elementor-element-bc7166d e-flex e-con-boxed e-con e-parent\" data-id=\"bc7166d\" data-element_type=\"container\" data-e-type=\"container\">\n\t\t\t\t\t<div class=\"e-con-inner\">\n\t\t\t\t<div class=\"elementor-element elementor-element-d918b05 elementor-widget elementor-widget-image\" data-id=\"d918b05\" data-element_type=\"widget\" data-e-type=\"widget\" data-widget_type=\"image.default\">\n\t\t\t\t<div class=\"elementor-widget-container\">\n\t\t\t\t\t\t\t\t\t\t\t\t\t\t\t<img fetchpriority=\"high\" decoding=\"async\" width=\"396\" height=\"139\" src=\"https:\/\/fatuweb.uncoma.edu.ar\/wp-content\/uploads\/2024\/06\/Logo_jornadas.png\" class=\"attachment-large size-large wp-image-4564\" alt=\"&quot;&quot;\" srcset=\"https:\/\/fatuweb.uncoma.edu.ar\/wp-content\/uploads\/2024\/06\/Logo_jornadas.png 396w, https:\/\/fatuweb.uncoma.edu.ar\/wp-content\/uploads\/2024\/06\/Logo_jornadas-300x105.png 300w\" sizes=\"(max-width: 396px) 100vw, 396px\" \/>\t\t\t\t\t\t\t\t\t\t\t\t\t\t\t<\/div>\n\t\t\t\t<\/div>\n\t\t\t\t<div class=\"elementor-element elementor-element-3ce52e3 elementor-widget elementor-widget-heading\" data-id=\"3ce52e3\" data-element_type=\"widget\" data-e-type=\"widget\" data-widget_type=\"heading.default\">\n\t\t\t\t<div class=\"elementor-widget-container\">\n\t\t\t\t\t<h1 class=\"elementor-heading-title elementor-size-default\">Jornadas de Investigaci\u00f3n y  Extensi\u00f3n <\/h1>\t\t\t\t<\/div>\n\t\t\t\t<\/div>\n\t\t\t\t<div class=\"elementor-element elementor-element-97c0086 elementor-widget elementor-widget-text-editor\" data-id=\"97c0086\" data-element_type=\"widget\" data-e-type=\"widget\" data-widget_type=\"text-editor.default\">\n\t\t\t\t<div class=\"elementor-widget-container\">\n\t\t\t\t\t\t\t\t\t<p>\u201cSaber, actuar, interactuar: el rol de la universidad p\u00fablica en el desarrollo actual del turismo y la recreaci\u00f3n\u201d\u00a0<\/p><p>03 y 04 de Octubre de 2024<\/p>\t\t\t\t\t\t\t\t<\/div>\n\t\t\t\t<\/div>\n\t\t\t\t\t<\/div>\n\t\t\t\t<\/div>\n\t\t<div class=\"elementor-element elementor-element-12846cc e-flex e-con-boxed e-con e-parent\" data-id=\"12846cc\" data-element_type=\"container\" data-e-type=\"container\">\n\t\t\t\t\t<div class=\"e-con-inner\">\n\t\t\t\t<div class=\"elementor-element elementor-element-18e0acc elementor-widget elementor-widget-text-editor\" data-id=\"18e0acc\" data-element_type=\"widget\" data-e-type=\"widget\" data-widget_type=\"text-editor.default\">\n\t\t\t\t<div class=\"elementor-widget-container\">\n\t\t\t\t\t\t\t\t\t<p><em><strong>CONVOCA Y ORGANIZA:<\/strong><\/em><br \/>Facultad de Turismo &#8211; Universidad Nacional del Comahue<\/p><p><em><strong>DESTINATARIOS:<br \/><\/strong><\/em>Docentes, investigadores, extensionistas, estudiantes y graduados. Miembros y agentes de organismos estatales y privados. Empresas y p\u00fablico en general vinculados a la actividad tur\u00edstica.<\/p><p>Cabe recordar que las jornadas son de car\u00e1cter abierto y su objetivo principal es propiciar un espacio de encuentro, intercambio y di\u00e1logo cr\u00edtico que, a partir de las producciones de los equipos de investigaci\u00f3n y extensi\u00f3n, permita conocer, reflexionar y compartir los desaf\u00edos propios de las tareas de investigaci\u00f3n, extensi\u00f3n y docencia del turismo a nivel global, nacional y regional, aspirando a contribuir al desarrollo de pol\u00edticas y pr\u00e1cticas tur\u00edsticas m\u00e1s informadas, inclusivas y sostenibles, que beneficien tanto a las generaciones presentes como futuras.<\/p><p>Por ello, en esta oportunidad se proponen tanto ejes tem\u00e1ticos, como lineamientos de discusiones transversales para el campo de estudio.<\/p><p><strong>Los ejes tem\u00e1ticos propuestos son:<\/strong><\/p><ol><li>Territorios naturales para la recreaci\u00f3n y el turismo en conservaci\u00f3n<\/li><li>Turismo, interpretaci\u00f3n y gesti\u00f3n del patrimonio cultural<\/li><li>Transformaci\u00f3n Digital, marketing e innovaci\u00f3n en turismo<\/li><li>Emprendedurismo y econom\u00eda social\/colaborativa en la recreaci\u00f3n y el turismo<\/li><li>Pol\u00edticas p\u00fablicas y transformaciones territoriales vinculadas al turismo y la recreaci\u00f3n<\/li><li>Turismo social, solidario, accesible y comunitario y derechos humanos en el turismo y la recreaci\u00f3n<\/li><\/ol><p>Se propone para este encuentro 2024 la modalidad h\u00edbrida, en el marco de las acciones que viene llevando a cabo la Universidad Nacional del Comahue con la instalaci\u00f3n de las aulas h\u00edbridas y el equipamiento tecnol\u00f3gico necesario para estas instancias, que permitir\u00e1n relacionarnos personalmente a la vez de poder incluir otras voces y participaciones que se encuentren f\u00edsicamente en lugares distantes. Como condici\u00f3n indispensable es necesario que al menos 1 (un\/a) autor\/a de ponencia est\u00e9 f\u00edsicamente en el evento. Caso contrario no ser\u00e1 posible realizar la exposici\u00f3n.<\/p><p><a href=\"https:\/\/fatuweb.uncoma.edu.ar\/wp-content\/uploads\/2024\/06\/Primera-Circular-Convocatoria-Jornadas-Investigacion-y-Extension-2024.pdf\" aria-label=\"Descargar PDF: Primera Circular - Convocatoria Jornadas Investigaci\u00f3n y Extensi\u00f3n 2024\">Primera Circular &#8211; Convocatoria Jornadas Investigaci\u00f3n y Extensi\u00f3n 2024<\/a><\/p><p><a href=\"https:\/\/fatuweb.uncoma.edu.ar\/wp-content\/uploads\/2024\/09\/Segunda_Circular.pdf\" aria-label=\"Descargar PDF: Segunda Circular - Convocatoria Jornadas Investigaci\u00f3n y Extensi\u00f3n 2024\">Segunda Circular &#8211; Convocatoria Jornadas Investigaci\u00f3n y Extensi\u00f3n 2024<\/a><\/p><p><a href=\"https:\/\/fatuweb.uncoma.edu.ar\/wp-content\/uploads\/2024\/09\/Programa-Jornadas-FATU-IE-2024.pdf\">Programa Jornadas de Investigaci\u00f3n y Extensi\u00f3n<\/a><\/p><p><a href=\"https:\/\/fatuweb.uncoma.edu.ar\/wp-content\/uploads\/2024\/11\/Aviso-Publicacion.pdf\" aria-label=\"Aviso Publicaci\u00f3n Digital, abrir\u00e1 un archivo PDF\">Aviso Publicaci\u00f3n Digital<\/a><\/p><p><strong><a href=\"https:\/\/fatuweb.uncoma.edu.ar\/ojs\/index.php\/jornadas\">Para env\u00edo de ensayos o art\u00edculos<\/a><\/strong><\/p><p><a href=\"https:\/\/rdi.uncoma.edu.ar\/handle\/uncomaid\/19058\">Publicaci\u00f3n Digital de las Jornadas 2024<\/a><\/p><p><strong>Contacto: <em><a href=\"mailto:jornadas@fatu-uncoma.com.ar\">jornadas@fatu-uncoma.com.ar<\/a><\/em><\/strong><\/p>\t\t\t\t\t\t\t\t<\/div>\n\t\t\t\t<\/div>\n\t\t\t\t\t<\/div>\n\t\t\t\t<\/div>\n\t\t\t\t<\/div>\n\t\t","protected":false},"excerpt":{"rendered":"<p>Jornadas de Investigaci\u00f3n y Extensi\u00f3n \u201cSaber, actuar, interactuar: el rol de la universidad p\u00fablica en el desarrollo actual del turismo y la recreaci\u00f3n\u201d\u00a0 03 y 04 de Octubre de 2024 CONVOCA Y ORGANIZA:Facultad de Turismo &#8211; Universidad Nacional del Comahue DESTINATARIOS:Docentes, investigadores, extensionistas, estudiantes y graduados. Miembros y agentes de organismos estatales y privados. Empresas [&hellip;]<\/p>\n","protected":false},"author":2,"featured_media":0,"parent":0,"menu_order":0,"comment_status":"closed","ping_status":"closed","template":"","meta":{"site-sidebar-layout":"no-sidebar","site-content-layout":"page-builder","ast-site-content-layout":"full-width-container","site-content-style":"default","site-sidebar-style":"default","ast-global-header-display":"","ast-banner-title-visibility":"","ast-main-header-display":"","ast-hfb-above-header-display":"","ast-hfb-below-header-display":"","ast-hfb-mobile-header-display":"","site-post-title":"disabled","ast-breadcrumbs-content":"","ast-featured-img":"disabled","footer-sml-layout":"","ast-disable-related-posts":"","theme-transparent-header-meta":"","adv-header-id-meta":"","stick-header-meta":"","header-above-stick-meta":"","header-main-stick-meta":"","header-below-stick-meta":"","astra-migrate-meta-layouts":"set","ast-page-background-enabled":"default","ast-page-background-meta":{"desktop":{"background-color":"","background-image":"","background-repeat":"repeat","background-position":"center center","background-size":"auto","background-attachment":"scroll","background-type":"","background-media":"","overlay-type":"","overlay-color":"","overlay-opacity":"","overlay-gradient":""},"tablet":{"background-color":"","background-image":"","background-repeat":"repeat","background-position":"center center","background-size":"auto","background-attachment":"scroll","background-type":"","background-media":"","overlay-type":"","overlay-color":"","overlay-opacity":"","overlay-gradient":""},"mobile":{"background-color":"","background-image":"","background-repeat":"repeat","background-position":"center center","background-size":"auto","background-attachment":"scroll","background-type":"","background-media":"","overlay-type":"","overlay-color":"","overlay-opacity":"","overlay-gradient":""}},"ast-content-background-meta":{"desktop":{"background-color":"var(--ast-global-color-5)","background-image":"","background-repeat":"repeat","background-position":"center center","background-size":"auto","background-attachment":"scroll","background-type":"","background-media":"","overlay-type":"","overlay-color":"","overlay-opacity":"","overlay-gradient":""},"tablet":{"background-color":"var(--ast-global-color-5)","background-image":"","background-repeat":"repeat","background-position":"center center","background-size":"auto","background-attachment":"scroll","background-type":"","background-media":"","overlay-type":"","overlay-color":"","overlay-opacity":"","overlay-gradient":""},"mobile":{"background-color":"var(--ast-global-color-5)","background-image":"","background-repeat":"repeat","background-position":"center center","background-size":"auto","background-attachment":"scroll","background-type":"","background-media":"","overlay-type":"","overlay-color":"","overlay-opacity":"","overlay-gradient":""}},"footnotes":""},"class_list":["post-4562","page","type-page","status-publish","hentry"],"_links":{"self":[{"href":"https:\/\/fatuweb.uncoma.edu.ar\/index.php\/wp-json\/wp\/v2\/pages\/4562","targetHints":{"allow":["GET"]}}],"collection":[{"href":"https:\/\/fatuweb.uncoma.edu.ar\/index.php\/wp-json\/wp\/v2\/pages"}],"about":[{"href":"https:\/\/fatuweb.uncoma.edu.ar\/index.php\/wp-json\/wp\/v2\/types\/page"}],"author":[{"embeddable":true,"href":"https:\/\/fatuweb.uncoma.edu.ar\/index.php\/wp-json\/wp\/v2\/users\/2"}],"replies":[{"embeddable":true,"href":"https:\/\/fatuweb.uncoma.edu.ar\/index.php\/wp-json\/wp\/v2\/comments?post=4562"}],"version-history":[{"count":65,"href":"https:\/\/fatuweb.uncoma.edu.ar\/index.php\/wp-json\/wp\/v2\/pages\/4562\/revisions"}],"predecessor-version":[{"id":8605,"href":"https:\/\/fatuweb.uncoma.edu.ar\/index.php\/wp-json\/wp\/v2\/pages\/4562\/revisions\/8605"}],"wp:attachment":[{"href":"https:\/\/fatuweb.uncoma.edu.ar\/index.php\/wp-json\/wp\/v2\/media?parent=4562"}],"curies":[{"name":"wp","href":"https:\/\/api.w.org\/{rel}","templated":true}]}}