{"id":3751,"date":"2024-04-17T10:40:36","date_gmt":"2024-04-17T13:40:36","guid":{"rendered":"https:\/\/fatuweb.uncoma.edu.ar\/fatu\/?page_id=3751"},"modified":"2024-05-02T18:24:23","modified_gmt":"2024-05-02T21:24:23","slug":"secretaria-de-extension","status":"publish","type":"page","link":"https:\/\/fatuweb.uncoma.edu.ar\/index.php\/secretaria-de-extension\/","title":{"rendered":"Secretar\u00eda de Extensi\u00f3n"},"content":{"rendered":"\t\t<div data-elementor-type=\"wp-page\" data-elementor-id=\"3751\" class=\"elementor elementor-3751\" data-elementor-post-type=\"page\">\n\t\t\t\t<div class=\"elementor-element elementor-element-3afe7e1 e-flex e-con-boxed e-con e-parent\" data-id=\"3afe7e1\" data-element_type=\"container\" data-e-type=\"container\" data-settings=\"{&quot;background_background&quot;:&quot;classic&quot;}\">\n\t\t\t\t\t<div class=\"e-con-inner\">\n\t\t<div class=\"elementor-element elementor-element-0dcdaac e-con-full e-flex e-con e-child\" data-id=\"0dcdaac\" data-element_type=\"container\" data-e-type=\"container\">\n\t\t\t\t<div class=\"elementor-element elementor-element-7ff5de9 elementor-widget elementor-widget-heading\" data-id=\"7ff5de9\" data-element_type=\"widget\" data-e-type=\"widget\" data-widget_type=\"heading.default\">\n\t\t\t\t<div class=\"elementor-widget-container\">\n\t\t\t\t\t<h1 class=\"elementor-heading-title elementor-size-default\">Secretar\u00eda de Extensi\u00f3n<\/h1>\t\t\t\t<\/div>\n\t\t\t\t<\/div>\n\t\t\t\t<div class=\"elementor-element elementor-element-fc1ef51 elementor-widget-divider--view-line elementor-widget elementor-widget-divider\" data-id=\"fc1ef51\" data-element_type=\"widget\" data-e-type=\"widget\" data-widget_type=\"divider.default\">\n\t\t\t\t<div class=\"elementor-widget-container\">\n\t\t\t\t\t\t\t<div class=\"elementor-divider\">\n\t\t\t<span class=\"elementor-divider-separator\">\n\t\t\t\t\t\t<\/span>\n\t\t<\/div>\n\t\t\t\t\t\t<\/div>\n\t\t\t\t<\/div>\n\t\t\t\t<\/div>\n\t\t\t\t\t<\/div>\n\t\t\t\t<\/div>\n\t\t<div class=\"elementor-element elementor-element-c356020 e-flex e-con-boxed e-con e-parent\" data-id=\"c356020\" data-element_type=\"container\" data-e-type=\"container\">\n\t\t\t\t\t<div class=\"e-con-inner\">\n\t\t\t\t<div class=\"elementor-element elementor-element-3c0f187 elementor-widget elementor-widget-spacer\" data-id=\"3c0f187\" data-element_type=\"widget\" data-e-type=\"widget\" data-widget_type=\"spacer.default\">\n\t\t\t\t<div class=\"elementor-widget-container\">\n\t\t\t\t\t\t\t<div class=\"elementor-spacer\">\n\t\t\t<div class=\"elementor-spacer-inner\"><\/div>\n\t\t<\/div>\n\t\t\t\t\t\t<\/div>\n\t\t\t\t<\/div>\n\t\t\t\t<div class=\"elementor-element elementor-element-40ed883 elementor-widget elementor-widget-text-editor\" data-id=\"40ed883\" data-element_type=\"widget\" data-e-type=\"widget\" data-widget_type=\"text-editor.default\">\n\t\t\t\t<div class=\"elementor-widget-container\">\n\t\t\t\t\t\t\t\t\t<p><span style=\"font-weight: 400;\">La Secretar\u00eda de Extensi\u00f3n de la Facultad de Turismo de la Universidad es el nexo entre el \u00e1mbito acad\u00e9mico y la sociedad en la que se encuentra inserta. Nuestro objetivo es promover la vinculaci\u00f3n de la universidad con la comunidad, colaborando en la resoluci\u00f3n de problem\u00e1ticas sociales y contribuyendo a mejorar la calidad de vida de la poblaci\u00f3n local.<\/span><\/p>\t\t\t\t\t\t\t\t<\/div>\n\t\t\t\t<\/div>\n\t\t\t\t<div class=\"elementor-element elementor-element-a71a28b elementor-widget elementor-widget-heading\" data-id=\"a71a28b\" data-element_type=\"widget\" data-e-type=\"widget\" data-widget_type=\"heading.default\">\n\t\t\t\t<div class=\"elementor-widget-container\">\n\t\t\t\t\t<h3 class=\"elementor-heading-title elementor-size-default\">Nuestro Compromiso<\/h3>\t\t\t\t<\/div>\n\t\t\t\t<\/div>\n\t\t\t\t<div class=\"elementor-element elementor-element-8e3743c elementor-widget elementor-widget-text-editor\" data-id=\"8e3743c\" data-element_type=\"widget\" data-e-type=\"widget\" data-widget_type=\"text-editor.default\">\n\t\t\t\t<div class=\"elementor-widget-container\">\n\t\t\t\t\t\t\t\t\t<p><span style=\"font-weight: 400;\">En la Facultad de Turismo, consideramos que el conocimiento generado en el \u00e1mbito acad\u00e9mico debe ser compartido con la comunidad en general. Por eso, nuestra pol\u00edtica de gesti\u00f3n pone un \u00e9nfasis especial en la Extensi\u00f3n Universitaria. Nos esforzamos por transferir los beneficios de nuestra labor cient\u00edfica, cultural y social directamente a las sociedades que nos sustentan, utilizando mecanismos que promuevan, difundan y manifiesten opiniones en materia de turismo y recreaci\u00f3n.<\/span><\/p>\t\t\t\t\t\t\t\t<\/div>\n\t\t\t\t<\/div>\n\t\t\t\t<div class=\"elementor-element elementor-element-ea1b53b elementor-widget elementor-widget-heading\" data-id=\"ea1b53b\" data-element_type=\"widget\" data-e-type=\"widget\" data-widget_type=\"heading.default\">\n\t\t\t\t<div class=\"elementor-widget-container\">\n\t\t\t\t\t<h3 class=\"elementor-heading-title elementor-size-default\">Acciones y Vinculaciones\n<\/h3>\t\t\t\t<\/div>\n\t\t\t\t<\/div>\n\t\t\t\t<div class=\"elementor-element elementor-element-5833200 elementor-widget elementor-widget-text-editor\" data-id=\"5833200\" data-element_type=\"widget\" data-e-type=\"widget\" data-widget_type=\"text-editor.default\">\n\t\t\t\t<div class=\"elementor-widget-container\">\n\t\t\t\t\t\t\t\t\t<p><span style=\"font-weight: 400;\">Trabajamos en estrecha colaboraci\u00f3n con diversos actores e instituciones, tanto a nivel nacional, provincial y municipal, como con otras entidades educativas, c\u00e1maras y asociaciones del sector tur\u00edstico. A trav\u00e9s de convenios institucionales establecemos acciones de colaboraci\u00f3n y ayuda mutua para alcanzar objetivos e intereses comunes.<\/span><\/p>\t\t\t\t\t\t\t\t<\/div>\n\t\t\t\t<\/div>\n\t\t\t\t<div class=\"elementor-element elementor-element-8159810 elementor-widget elementor-widget-heading\" data-id=\"8159810\" data-element_type=\"widget\" data-e-type=\"widget\" data-widget_type=\"heading.default\">\n\t\t\t\t<div class=\"elementor-widget-container\">\n\t\t\t\t\t<h3 class=\"elementor-heading-title elementor-size-default\">\u00bfC\u00f3mo nos involucramos?<\/h3>\t\t\t\t<\/div>\n\t\t\t\t<\/div>\n\t\t\t\t<div class=\"elementor-element elementor-element-5998136 elementor-widget elementor-widget-text-editor\" data-id=\"5998136\" data-element_type=\"widget\" data-e-type=\"widget\" data-widget_type=\"text-editor.default\">\n\t\t\t\t<div class=\"elementor-widget-container\">\n\t\t\t\t\t\t\t\t\t<ul><li><span style=\"font-weight: 400;\">Gestionamos Pasant\u00edas Educativas para estudiantes<\/span><\/li><li><span style=\"font-weight: 400;\">Gestionamos las convocatorias de Proyectos de Extensi\u00f3n aplicados con impacto social.<\/span><\/li><li><span style=\"font-weight: 400;\">Participamos en programas de voluntariado y servicio comunitario.<\/span><\/li><li><span style=\"font-weight: 400;\">Fomentamos la participaci\u00f3n estudiantil en actividades de extensi\u00f3n.<\/span><\/li><li><span style=\"font-weight: 400;\">Organizamos eventos, charlas y conferencias abiertas a la comunidad.<\/span><\/li><li><span style=\"font-weight: 400;\">Ofrecemos cursos de capacitaci\u00f3n y actualizaci\u00f3n de implicancia tur\u00edstica.<\/span><\/li><\/ul>\t\t\t\t\t\t\t\t<\/div>\n\t\t\t\t<\/div>\n\t\t<div class=\"elementor-element elementor-element-afd5bd8 e-flex e-con-boxed e-con e-child\" data-id=\"afd5bd8\" data-element_type=\"container\" data-e-type=\"container\">\n\t\t\t\t\t<div class=\"e-con-inner\">\n\t\t\t\t<div class=\"elementor-element elementor-element-0b61c5d elementor-widget elementor-widget-heading\" data-id=\"0b61c5d\" data-element_type=\"widget\" data-e-type=\"widget\" data-widget_type=\"heading.default\">\n\t\t\t\t<div class=\"elementor-widget-container\">\n\t\t\t\t\t<h1 class=\"elementor-heading-title elementor-size-default\">Integrantes de la Secretar\u00eda<\/h1>\t\t\t\t<\/div>\n\t\t\t\t<\/div>\n\t\t\t\t<div class=\"elementor-element elementor-element-41c9edc elementor-author-box--align-left elementor-widget elementor-widget-author-box\" data-id=\"41c9edc\" data-element_type=\"widget\" data-e-type=\"widget\" data-widget_type=\"author-box.default\">\n\t\t\t\t<div class=\"elementor-widget-container\">\n\t\t\t\t\t\t\t<div class=\"elementor-author-box\">\n\t\t\t\t\t\t\t<div  class=\"elementor-author-box__avatar\">\n\t\t\t\t\t<img decoding=\"async\" src=\"https:\/\/fatuweb.uncoma.edu.ar\/wp-content\/uploads\/2024\/04\/Paula-Maiaru.png\" alt=\"Picture of Lic. Paula Maiar\u00fa\" loading=\"lazy\">\n\t\t\t\t<\/div>\n\t\t\t\n\t\t\t<div class=\"elementor-author-box__text\">\n\t\t\t\t\t\t\t\t\t<div >\n\t\t\t\t\t\t<h4 class=\"elementor-author-box__name\">\n\t\t\t\t\t\t\tLic. Paula Maiar\u00fa\t\t\t\t\t\t<\/h4>\n\t\t\t\t\t<\/div>\n\t\t\t\t\n\t\t\t\t\t\t\t\t\t<div class=\"elementor-author-box__bio\">\n\t\t\t\t\t\t<p>Secretaria de Extensi\u00f3n<br \/>\nTel\u00e9fono: (0299) 449-0380<br \/>\nsecretaria.extensi\u00f3n@fatu.uncoma.edu.ar<br \/>\nsecretaria.extensi\u00f3n@fatu-uncoma.com.ar<\/p>\n\t\t\t\t\t<\/div>\n\t\t\t\t\n\t\t\t\t\t\t\t<\/div>\n\t\t<\/div>\n\t\t\t\t\t\t<\/div>\n\t\t\t\t<\/div>\n\t\t<div class=\"elementor-element elementor-element-6c65ec4 e-flex e-con-boxed e-con e-child\" data-id=\"6c65ec4\" data-element_type=\"container\" data-e-type=\"container\">\n\t\t\t\t\t<div class=\"e-con-inner\">\n\t\t<div class=\"elementor-element elementor-element-741780e e-flex e-con-boxed e-con e-child\" data-id=\"741780e\" data-element_type=\"container\" data-e-type=\"container\">\n\t\t\t\t\t<div class=\"e-con-inner\">\n\t\t<div class=\"elementor-element elementor-element-0d52b62 e-con-full e-flex e-con e-child\" data-id=\"0d52b62\" data-element_type=\"container\" data-e-type=\"container\">\n\t\t\t\t<div class=\"elementor-element elementor-element-7040921 elementor-widget elementor-widget-author-box\" data-id=\"7040921\" data-element_type=\"widget\" data-e-type=\"widget\" data-widget_type=\"author-box.default\">\n\t\t\t\t<div class=\"elementor-widget-container\">\n\t\t\t\t\t\t\t<div class=\"elementor-author-box\">\n\t\t\t\t\t\t\t<div  class=\"elementor-author-box__avatar\">\n\t\t\t\t\t<img decoding=\"async\" src=\"https:\/\/fatuweb.uncoma.edu.ar\/wp-content\/uploads\/2024\/05\/Jesica-Perez-Benegas-169x300.jpg\" alt=\"Picture of Mg. Jesica Perez Benegas\" loading=\"lazy\">\n\t\t\t\t<\/div>\n\t\t\t\n\t\t\t<div class=\"elementor-author-box__text\">\n\t\t\t\t\t\t\t\t\t<div >\n\t\t\t\t\t\t<h4 class=\"elementor-author-box__name\">\n\t\t\t\t\t\t\tMg. Jesica Perez Benegas\t\t\t\t\t\t<\/h4>\n\t\t\t\t\t<\/div>\n\t\t\t\t\n\t\t\t\t\t\t\t\t\t<div class=\"elementor-author-box__bio\">\n\t\t\t\t\t\t<p>Tel\u00e9fono: (0299) 449-0380<br \/>\nsecretaria.extensi\u00f3n@fatu.uncoma.edu.ar<br \/>\nsecretaria.extensi\u00f3n@fatu-uncoma.com.ar<\/p>\n\t\t\t\t\t<\/div>\n\t\t\t\t\n\t\t\t\t\t\t\t<\/div>\n\t\t<\/div>\n\t\t\t\t\t\t<\/div>\n\t\t\t\t<\/div>\n\t\t\t\t<\/div>\n\t\t<div class=\"elementor-element elementor-element-aa5adfa e-con-full e-flex e-con e-child\" data-id=\"aa5adfa\" data-element_type=\"container\" data-e-type=\"container\">\n\t\t\t\t<div class=\"elementor-element elementor-element-b62f40d elementor-widget elementor-widget-author-box\" data-id=\"b62f40d\" data-element_type=\"widget\" data-e-type=\"widget\" data-widget_type=\"author-box.default\">\n\t\t\t\t<div class=\"elementor-widget-container\">\n\t\t\t\t\t\t\t<div class=\"elementor-author-box\">\n\t\t\t\t\t\t\t<div  class=\"elementor-author-box__avatar\">\n\t\t\t\t\t<img decoding=\"async\" src=\"https:\/\/fatuweb.uncoma.edu.ar\/wp-content\/uploads\/2024\/05\/Veronica-Improvola-2-193x300.png\" alt=\"Picture of Sra. Ver\u00f3nica Impr\u00f3vola\" loading=\"lazy\">\n\t\t\t\t<\/div>\n\t\t\t\n\t\t\t<div class=\"elementor-author-box__text\">\n\t\t\t\t\t\t\t\t\t<div >\n\t\t\t\t\t\t<h4 class=\"elementor-author-box__name\">\n\t\t\t\t\t\t\tSra. Ver\u00f3nica Impr\u00f3vola\t\t\t\t\t\t<\/h4>\n\t\t\t\t\t<\/div>\n\t\t\t\t\n\t\t\t\t\t\t\t\t\t<div class=\"elementor-author-box__bio\">\n\t\t\t\t\t\t<p>Tel\u00e9fono: (0299) 449-0380<br \/>\nsecretaria.extensi\u00f3n@fatu.uncoma.edu.ar<br \/>\nsecretaria.extensi\u00f3n@fatu-uncoma.com.ar<\/p>\n\t\t\t\t\t<\/div>\n\t\t\t\t\n\t\t\t\t\t\t\t<\/div>\n\t\t<\/div>\n\t\t\t\t\t\t<\/div>\n\t\t\t\t<\/div>\n\t\t\t\t<\/div>\n\t\t\t\t\t<\/div>\n\t\t\t\t<\/div>\n\t\t\t\t\t<\/div>\n\t\t\t\t<\/div>\n\t\t\t\t\t<\/div>\n\t\t\t\t<\/div>\n\t\t\t\t\t<\/div>\n\t\t\t\t<\/div>\n\t\t\t\t<\/div>\n\t\t","protected":false},"excerpt":{"rendered":"<p>Secretar\u00eda de Extensi\u00f3n La Secretar\u00eda de Extensi\u00f3n de la Facultad de Turismo de la Universidad es el nexo entre el \u00e1mbito acad\u00e9mico y la sociedad en la que se encuentra inserta. Nuestro objetivo es promover la vinculaci\u00f3n de la universidad con la comunidad, colaborando en la resoluci\u00f3n de problem\u00e1ticas sociales y contribuyendo a mejorar la [&hellip;]<\/p>\n","protected":false},"author":1,"featured_media":0,"parent":0,"menu_order":0,"comment_status":"closed","ping_status":"closed","template":"elementor_header_footer","meta":{"site-sidebar-layout":"no-sidebar","site-content-layout":"page-builder","ast-site-content-layout":"full-width-container","site-content-style":"default","site-sidebar-style":"default","ast-global-header-display":"","ast-banner-title-visibility":"","ast-main-header-display":"","ast-hfb-above-header-display":"","ast-hfb-below-header-display":"","ast-hfb-mobile-header-display":"","site-post-title":"disabled","ast-breadcrumbs-content":"","ast-featured-img":"disabled","footer-sml-layout":"","ast-disable-related-posts":"","theme-transparent-header-meta":"","adv-header-id-meta":"","stick-header-meta":"","header-above-stick-meta":"","header-main-stick-meta":"","header-below-stick-meta":"","astra-migrate-meta-layouts":"set","ast-page-background-enabled":"default","ast-page-background-meta":{"desktop":{"background-color":"","background-image":"","background-repeat":"repeat","background-position":"center center","background-size":"auto","background-attachment":"scroll","background-type":"","background-media":"","overlay-type":"","overlay-color":"","overlay-opacity":"","overlay-gradient":""},"tablet":{"background-color":"","background-image":"","background-repeat":"repeat","background-position":"center center","background-size":"auto","background-attachment":"scroll","background-type":"","background-media":"","overlay-type":"","overlay-color":"","overlay-opacity":"","overlay-gradient":""},"mobile":{"background-color":"","background-image":"","background-repeat":"repeat","background-position":"center center","background-size":"auto","background-attachment":"scroll","background-type":"","background-media":"","overlay-type":"","overlay-color":"","overlay-opacity":"","overlay-gradient":""}},"ast-content-background-meta":{"desktop":{"background-color":"var(--ast-global-color-5)","background-image":"","background-repeat":"repeat","background-position":"center center","background-size":"auto","background-attachment":"scroll","background-type":"","background-media":"","overlay-type":"","overlay-color":"","overlay-opacity":"","overlay-gradient":""},"tablet":{"background-color":"var(--ast-global-color-5)","background-image":"","background-repeat":"repeat","background-position":"center center","background-size":"auto","background-attachment":"scroll","background-type":"","background-media":"","overlay-type":"","overlay-color":"","overlay-opacity":"","overlay-gradient":""},"mobile":{"background-color":"var(--ast-global-color-5)","background-image":"","background-repeat":"repeat","background-position":"center center","background-size":"auto","background-attachment":"scroll","background-type":"","background-media":"","overlay-type":"","overlay-color":"","overlay-opacity":"","overlay-gradient":""}},"footnotes":""},"class_list":["post-3751","page","type-page","status-publish","hentry"],"_links":{"self":[{"href":"https:\/\/fatuweb.uncoma.edu.ar\/index.php\/wp-json\/wp\/v2\/pages\/3751","targetHints":{"allow":["GET"]}}],"collection":[{"href":"https:\/\/fatuweb.uncoma.edu.ar\/index.php\/wp-json\/wp\/v2\/pages"}],"about":[{"href":"https:\/\/fatuweb.uncoma.edu.ar\/index.php\/wp-json\/wp\/v2\/types\/page"}],"author":[{"embeddable":true,"href":"https:\/\/fatuweb.uncoma.edu.ar\/index.php\/wp-json\/wp\/v2\/users\/1"}],"replies":[{"embeddable":true,"href":"https:\/\/fatuweb.uncoma.edu.ar\/index.php\/wp-json\/wp\/v2\/comments?post=3751"}],"version-history":[{"count":19,"href":"https:\/\/fatuweb.uncoma.edu.ar\/index.php\/wp-json\/wp\/v2\/pages\/3751\/revisions"}],"predecessor-version":[{"id":4140,"href":"https:\/\/fatuweb.uncoma.edu.ar\/index.php\/wp-json\/wp\/v2\/pages\/3751\/revisions\/4140"}],"wp:attachment":[{"href":"https:\/\/fatuweb.uncoma.edu.ar\/index.php\/wp-json\/wp\/v2\/media?parent=3751"}],"curies":[{"name":"wp","href":"https:\/\/api.w.org\/{rel}","templated":true}]}}