{"id":2931,"date":"2024-04-05T13:07:41","date_gmt":"2024-04-05T16:07:41","guid":{"rendered":"https:\/\/fatuweb.uncoma.edu.ar\/fatu\/?page_id=2931"},"modified":"2024-04-05T15:00:48","modified_gmt":"2024-04-05T18:00:48","slug":"secretaria-academica","status":"publish","type":"page","link":"https:\/\/fatuweb.uncoma.edu.ar\/index.php\/secretaria-academica\/","title":{"rendered":"Secretar\u00eda Acad\u00e9mica"},"content":{"rendered":"\t\t<div data-elementor-type=\"wp-page\" data-elementor-id=\"2931\" class=\"elementor elementor-2931\" data-elementor-post-type=\"page\">\n\t\t\t\t<div class=\"elementor-element elementor-element-ccdca17 e-flex e-con-boxed e-con e-parent\" data-id=\"ccdca17\" data-element_type=\"container\" data-e-type=\"container\" data-settings=\"{&quot;background_background&quot;:&quot;classic&quot;}\">\n\t\t\t\t\t<div class=\"e-con-inner\">\n\t\t<div class=\"elementor-element elementor-element-60ec7b3 e-con-full e-flex e-con e-child\" data-id=\"60ec7b3\" data-element_type=\"container\" data-e-type=\"container\">\n\t\t\t\t<div class=\"elementor-element elementor-element-34ada73 elementor-widget elementor-widget-heading\" data-id=\"34ada73\" data-element_type=\"widget\" data-e-type=\"widget\" data-widget_type=\"heading.default\">\n\t\t\t\t<div class=\"elementor-widget-container\">\n\t\t\t\t\t<h1 class=\"elementor-heading-title elementor-size-default\">Secretar\u00eda Acad\u00e9mica<\/h1>\t\t\t\t<\/div>\n\t\t\t\t<\/div>\n\t\t\t\t<div class=\"elementor-element elementor-element-b3e3b5c elementor-widget-divider--view-line elementor-widget elementor-widget-divider\" data-id=\"b3e3b5c\" data-element_type=\"widget\" data-e-type=\"widget\" data-widget_type=\"divider.default\">\n\t\t\t\t<div class=\"elementor-widget-container\">\n\t\t\t\t\t\t\t<div class=\"elementor-divider\">\n\t\t\t<span class=\"elementor-divider-separator\">\n\t\t\t\t\t\t<\/span>\n\t\t<\/div>\n\t\t\t\t\t\t<\/div>\n\t\t\t\t<\/div>\n\t\t\t\t<\/div>\n\t\t\t\t\t<\/div>\n\t\t\t\t<\/div>\n\t\t<div class=\"elementor-element elementor-element-dd74268 e-flex e-con-boxed e-con e-parent\" data-id=\"dd74268\" data-element_type=\"container\" data-e-type=\"container\">\n\t\t\t\t\t<div class=\"e-con-inner\">\n\t\t\t\t<div class=\"elementor-element elementor-element-89c1eca elementor-widget elementor-widget-text-editor\" data-id=\"89c1eca\" data-element_type=\"widget\" data-e-type=\"widget\" data-widget_type=\"text-editor.default\">\n\t\t\t\t<div class=\"elementor-widget-container\">\n\t\t\t\t\t\t\t\t\t<p><span style=\"font-weight: 400;\">La Secretar\u00eda Acad\u00e9mica es la encargada de gestionar y supervisar la adecuada implementaci\u00f3n de las pol\u00edticas acad\u00e9micas de la Facultad de Turismo tanto en asuntos acad\u00e9micos de pregrado, grado y posgrado. A su vez, es funci\u00f3n de esta secretar\u00eda planificar y coordinar las diversas actividades acad\u00e9micas de la FATU, brindar asesoramiento, capacitaci\u00f3n e informar respecto de la oferta acad\u00e9mica.<\/span><\/p>\t\t\t\t\t\t\t\t<\/div>\n\t\t\t\t<\/div>\n\t\t\t\t<div class=\"elementor-element elementor-element-410ab18 elementor-widget elementor-widget-heading\" data-id=\"410ab18\" data-element_type=\"widget\" data-e-type=\"widget\" data-widget_type=\"heading.default\">\n\t\t\t\t<div class=\"elementor-widget-container\">\n\t\t\t\t\t<h3 class=\"elementor-heading-title elementor-size-default\">Contacto<\/h3>\t\t\t\t<\/div>\n\t\t\t\t<\/div>\n\t\t\t\t<div class=\"elementor-element elementor-element-cba7203 elementor-widget elementor-widget-text-editor\" data-id=\"cba7203\" data-element_type=\"widget\" data-e-type=\"widget\" data-widget_type=\"text-editor.default\">\n\t\t\t\t<div class=\"elementor-widget-container\">\n\t\t\t\t\t\t\t\t\t<p><strong>Secretario Acad\u00e9mico:<\/strong> Dr. Sebasti\u00e1n S\u00e1nchez<br \/><br \/><strong>Asistente administrativa:<\/strong> Lic. Mayra Sierra<\/p><p>Mail: <a href=\"mailto:secretaria.academica@fatu.uncoma.edu.ar\">secretaria.academica@fatu.uncoma.edu.ar<\/a><\/p><p>Tel\u00e9fono: <a href=\"tel:+542994490378\">299 449 0378<\/a><\/p>\t\t\t\t\t\t\t\t<\/div>\n\t\t\t\t<\/div>\n\t\t\t\t<div class=\"elementor-element elementor-element-658ca73 elementor-widget elementor-widget-heading\" data-id=\"658ca73\" data-element_type=\"widget\" data-e-type=\"widget\" data-widget_type=\"heading.default\">\n\t\t\t\t<div class=\"elementor-widget-container\">\n\t\t\t\t\t<h3 class=\"elementor-heading-title elementor-size-default\">Dependencias<\/h3>\t\t\t\t<\/div>\n\t\t\t\t<\/div>\n\t\t\t\t<div class=\"elementor-element elementor-element-eea2144 elementor-widget elementor-widget-text-editor\" data-id=\"eea2144\" data-element_type=\"widget\" data-e-type=\"widget\" data-widget_type=\"text-editor.default\">\n\t\t\t\t<div class=\"elementor-widget-container\">\n\t\t\t\t\t\t\t\t\t<ul><li><p>Direcci\u00f3n de Administraci\u00f3n Acad\u00e9mica: Directora T\u00e9c. Rosalia Zapata<br \/><a href=\"mailto:direccion.academica@fatu.uncoma.edu.ar\">direccion.academica@fatu.uncoma.edu.ar<\/a><\/p><\/li><li><p>Departamento de Posgrado: Directora Dr. Julia Gerlero<br \/><a href=\"mailto:posgrado@fatu.uncoma.edu.ar\">posgrado@fatu.uncoma.edu.ar<\/a><\/p><\/li><li><p>Departamento Docente: Responsable T\u00e9c. Paula Meneses<br \/><a href=\"mailto:departamento.docente@fatu.uncoma.edu.ar\">departamento.docente@fatu.uncoma.edu.ar<\/a><\/p><\/li><li><p>Departamento de Alumnos: Directora T\u00e9c. Valeria Mor\u00f3n<br \/><a href=\"mailto:direccion.alumnos@fatu.uncoma.edu.ar\">direccion.alumnos@fatu.uncoma.edu.ar<\/a><\/p><\/li><li><p>Departamento de Inform\u00e1tica: Responsable Ac. Juan Sebasti\u00e1n \u00c1lvarez<br \/><a href=\"mailto:sebastian.alvarez@fatu.uncoma.edu.ar\">sebastian.alvarez@fatu.uncoma.edu.ar<\/a><\/p><\/li><\/ul>\t\t\t\t\t\t\t\t<\/div>\n\t\t\t\t<\/div>\n\t\t\t\t\t<\/div>\n\t\t\t\t<\/div>\n\t\t\t\t<\/div>\n\t\t","protected":false},"excerpt":{"rendered":"<p>Secretar\u00eda Acad\u00e9mica La Secretar\u00eda Acad\u00e9mica es la encargada de gestionar y supervisar la adecuada implementaci\u00f3n de las pol\u00edticas acad\u00e9micas de la Facultad de Turismo tanto en asuntos acad\u00e9micos de pregrado, grado y posgrado. A su vez, es funci\u00f3n de esta secretar\u00eda planificar y coordinar las diversas actividades acad\u00e9micas de la FATU, brindar asesoramiento, capacitaci\u00f3n e [&hellip;]<\/p>\n","protected":false},"author":1,"featured_media":0,"parent":0,"menu_order":0,"comment_status":"closed","ping_status":"closed","template":"elementor_header_footer","meta":{"site-sidebar-layout":"no-sidebar","site-content-layout":"page-builder","ast-site-content-layout":"full-width-container","site-content-style":"default","site-sidebar-style":"default","ast-global-header-display":"","ast-banner-title-visibility":"","ast-main-header-display":"","ast-hfb-above-header-display":"","ast-hfb-below-header-display":"","ast-hfb-mobile-header-display":"","site-post-title":"disabled","ast-breadcrumbs-content":"","ast-featured-img":"disabled","footer-sml-layout":"","ast-disable-related-posts":"","theme-transparent-header-meta":"","adv-header-id-meta":"","stick-header-meta":"","header-above-stick-meta":"","header-main-stick-meta":"","header-below-stick-meta":"","astra-migrate-meta-layouts":"set","ast-page-background-enabled":"default","ast-page-background-meta":{"desktop":{"background-color":"","background-image":"","background-repeat":"repeat","background-position":"center center","background-size":"auto","background-attachment":"scroll","background-type":"","background-media":"","overlay-type":"","overlay-color":"","overlay-opacity":"","overlay-gradient":""},"tablet":{"background-color":"","background-image":"","background-repeat":"repeat","background-position":"center center","background-size":"auto","background-attachment":"scroll","background-type":"","background-media":"","overlay-type":"","overlay-color":"","overlay-opacity":"","overlay-gradient":""},"mobile":{"background-color":"","background-image":"","background-repeat":"repeat","background-position":"center center","background-size":"auto","background-attachment":"scroll","background-type":"","background-media":"","overlay-type":"","overlay-color":"","overlay-opacity":"","overlay-gradient":""}},"ast-content-background-meta":{"desktop":{"background-color":"var(--ast-global-color-5)","background-image":"","background-repeat":"repeat","background-position":"center center","background-size":"auto","background-attachment":"scroll","background-type":"","background-media":"","overlay-type":"","overlay-color":"","overlay-opacity":"","overlay-gradient":""},"tablet":{"background-color":"var(--ast-global-color-5)","background-image":"","background-repeat":"repeat","background-position":"center center","background-size":"auto","background-attachment":"scroll","background-type":"","background-media":"","overlay-type":"","overlay-color":"","overlay-opacity":"","overlay-gradient":""},"mobile":{"background-color":"var(--ast-global-color-5)","background-image":"","background-repeat":"repeat","background-position":"center center","background-size":"auto","background-attachment":"scroll","background-type":"","background-media":"","overlay-type":"","overlay-color":"","overlay-opacity":"","overlay-gradient":""}},"footnotes":""},"class_list":["post-2931","page","type-page","status-publish","hentry"],"_links":{"self":[{"href":"https:\/\/fatuweb.uncoma.edu.ar\/index.php\/wp-json\/wp\/v2\/pages\/2931","targetHints":{"allow":["GET"]}}],"collection":[{"href":"https:\/\/fatuweb.uncoma.edu.ar\/index.php\/wp-json\/wp\/v2\/pages"}],"about":[{"href":"https:\/\/fatuweb.uncoma.edu.ar\/index.php\/wp-json\/wp\/v2\/types\/page"}],"author":[{"embeddable":true,"href":"https:\/\/fatuweb.uncoma.edu.ar\/index.php\/wp-json\/wp\/v2\/users\/1"}],"replies":[{"embeddable":true,"href":"https:\/\/fatuweb.uncoma.edu.ar\/index.php\/wp-json\/wp\/v2\/comments?post=2931"}],"version-history":[{"count":25,"href":"https:\/\/fatuweb.uncoma.edu.ar\/index.php\/wp-json\/wp\/v2\/pages\/2931\/revisions"}],"predecessor-version":[{"id":2958,"href":"https:\/\/fatuweb.uncoma.edu.ar\/index.php\/wp-json\/wp\/v2\/pages\/2931\/revisions\/2958"}],"wp:attachment":[{"href":"https:\/\/fatuweb.uncoma.edu.ar\/index.php\/wp-json\/wp\/v2\/media?parent=2931"}],"curies":[{"name":"wp","href":"https:\/\/api.w.org\/{rel}","templated":true}]}}